 highest common divisor of w and 99?
11
Suppose -5967 - 2013 = -15*z. Calculate the greatest common factor of z and 1197.
133
Let u(y) = -13*y + 85. Let l be u(6). Calculate the greatest common factor of 112 and l.
7
Let c(v) = 24*v + 195. Let q be c(-6). Let k(x) = -x**3 - 4*x**2 + x - 3. Let i be k(-5). What is the greatest common factor of i and q?
17
Let m = -413 + 425. What is the greatest common factor of 51 and m?
3
Let k = -2827 - -2932. Calculate the greatest common divisor of k and 55.
5
Let x(g) = g**2 - 4*g + 7. Let p be x(6). Let m = 31 - p. Let b(f) = 2*f**2 - 9*f + 13. Let o be b(-5). Calculate the greatest common divisor of m and o.
12
Suppose 0*i + 5*i = 2*x - 25, 4*i - 26 = -3*x. Let g = -382 + 492. Calculate the greatest common factor of x and g.
10
Suppose 13*t - 3397 = 503. What is the greatest common divisor of 20 and t?
20
Suppose 0 = -3*y + i + 623, 0 = -2*y + y - 2*i + 217. Let k be (((-957)/(-29))/(18/4))/(12/18). Calculate the greatest common divisor of k and y.
11
Let h(f) = -f**3 - 17*f**2 - 20*f - 16. Suppose 4*m + 4*v = -84, 4*m - v + 37 = -27. Let r be h(m). Calculate the highest common divisor of 36 and r.
36
Suppose 4*m = -12, 5*p + 18 = -5*m + 103. Suppose -80 = 5*i - 270. Let t = i - p. What is the highest common divisor of t and 198?
18
Suppose 772 = -3*f + 790. What is the highest common divisor of 24 and f?
6
Let l(r) be the second derivative of -r**5/20 - r**4/12 - r**2 + 9*r. Let z be l(-3). Let y = z - 15. Calculate the highest common divisor of y and 11.
1
Let d(r) = 16*r. Let c be d(2). Suppose 125*b - 160 = 115*b. Calculate the greatest common factor of b and c.
16
Suppose -5*w = 1295 + 90. Let v = w + 501. What is the greatest common factor of 16 and v?
16
Let v = 79 - 47. Suppose 68 = 5*i + r - 15, 0 = -3*i + 3*r + 39. What is the greatest common factor of i and v?
16
Let a = 2 - 0. Suppose -4*v = -2*r + 20, 5*v = 6*r - a*r - 46. Let p(x) = 2*x**2 - 13*x + 34. Let n be p(6). What is the highest common factor of n and r?
14
Let w(l) = l**2 - 13*l + 15. Let g be w(12). Suppose g*k - 2*k = 157. Let i = k - 94. Calculate the greatest common divisor of i and 21.
21
Let z be (-8)/3*(-1)/((-1)/(-6)). Let i(b) = b**3 - 15*b**2 - 9*b - 21. Let c be i(z). Calculate the highest common divisor of c and 7.
7
Suppose h + 4 = -y - 12, -2*h - y = 28. Let u be 1 - (20/h)/(2/36). Calculate the greatest common factor of 31 and u.
31
Let l be 3/(-15)*-5 - -29. Suppose z = l - 24. What is the highest common factor of 42 and z?
6
Let k = 936 + -530. Calculate the highest common divisor of k and 58.
58
Let v(q) = 12*q - 2. Let l = 13 - 12. Let b be v(l). Suppose -b*w + 571 = 211. Calculate the highest common factor of 24 and w.
12
Suppose -33*h + 5 = -38*h. Let a be 14 - 1 - (-10 + h - -7). Calculate the highest common factor of 272 and a.
17
Suppose 185 = 5*w - q, 3*w = 4*q + 70 + 58. Let l = -1496 + 1820. Calculate the greatest common divisor of w and l.
36
Suppose -220 = -5*z + 3*h, 7*z + 4*h = 6*z + 67. What is the greatest common divisor of z and 799?
47
Let r be (12/(-5) + 2)*-30. Let q(z) = -5*z**2 - 71*z. Let m be q(-12). What is the highest common factor of m and r?
12
Suppose -334*r = -342*r + 10824. What is the greatest common divisor of 246 and r?
123
Let f(l) = -5*l**3 - 8*l**2 - 2*l. Let a(g) = -g**3 - g**2. Let c(r) = -6*a(r) + f(r). Let k be c(4). What is the greatest common factor of 8 and k?
8
Let h be (1/2 + -2)*196/(-42). Let o = 46 - 18. Calculate the greatest common factor of o and h.
7
Suppose 14*u - 198 = 1706. Calculate the greatest common factor of 8 and u.
8
Suppose 6*s + 112 = -8. Suppose 0 = -3*i + 57 + 51. Let d = i + s. What is the greatest common factor of d and 48?
16
Suppose -c = -0*c + 3*q - 6, -5*q - 5 = 0. Suppose -2*n = -c*n + 714. Calculate the highest common factor of 34 and n.
34
Suppose 0 = 5*l - 49 - 376. Let r = -158 + 175. Calculate the greatest common factor of r and l.
17
Let x be (-6)/14 + -4*3447/(-28). Calculate the highest common factor of x and 12.
12
Let y(v) be the third derivative of -v**5/60 - 5*v**4/12 + 3*v**3/2 - 4*v**2. Let t be y(-10). Calculate the highest common factor of t and 36.
9
Suppose 42 = 2*h + 3*h - 3*b, -2*h + 22 = 4*b. Let u = -15 + h. Let c be (-3 - u)*26/6. What is the highest common divisor of c and 13?
13
Let f(y) = 2*y**2 + 19*y + 3. Let r be f(-8). Let q be 12/3*51/(-6). Let g = r - q. Calculate the highest common factor of g and 143.
13
Let r be 0 + 229 + -6*2/(-6). What is the highest common divisor of r and 21?
21
Let l = 130 - 130. Let g = 14 - 6. Suppose h + 0 - 11 = -2*o, l = -4*o - g. What is the highest common factor of h and 135?
15
Let v be 1 + 75/5 + 1 - 1. Calculate the greatest common factor of 304 and v.
16
Let b = -6 + 18. Let d be 12/(-4)*(-488)/6. Suppose 2*m - d = -t, 4*m - 532 = -5*t - 32. Calculate the greatest common divisor of b and m.
12
Let f be (-7)/(189/(-234))*(-47 + 2)/(-3). Let l(p) = 2*p. Let c be l(5). What is the highest common factor of c and f?
10
Let r(a) = 7*a + 1. Let h = 67 - 60. Let k be r(h). Calculate the greatest common divisor of 10 and k.
10
Suppose 0 = 3*v - 847 + 631. Calculate the highest common factor of 180 and v.
36
Suppose 16*l - 2163 - 2317 = 0. Calculate the greatest common factor of l and 35.
35
Let w(o) = -139*o**3 + o. Let x be w(-1). Suppose 2*u - x = 3*t + 81, 4*u = t + 443. Calculate the highest common factor of u and 37.
37
Let b = -14 - -51. Suppose 4*i + 5 = -3*l, 3*l - 4*i + 2 - b = 0. What is the highest common divisor of 15 and l?
5
Suppose -164 + 49 = -5*x. Calculate the greatest common factor of 1357 and x.
23
Suppose -5*z + 4*o = -0*o + 15, -z = 3*o + 3. Let f be 2/z*(-3)/2*7. Calculate the greatest common factor of 77 and f.
7
Suppose 6*z - 89 = 343. Calculate the greatest common divisor of z and 24.
24
Suppose -29*h = -16*h - 364. What is the greatest common divisor of h and 35?
7
Let x = -21 - -24. Suppose -2*z + 25 = x*z. Suppose 2*k - z*k = -42. Calculate the greatest common divisor of 7 and k.
7
Suppose -10*t + 39 = -13*t. Let j = 25 + t. What is the greatest common factor of j and 15?
3
Suppose -7*x - 289 = -2417. Let u = -157 + x. Calculate the highest common factor of u and 21.
21
Let t = 109 + 444. Calculate the greatest common factor of t and 316.
79
Let t = -172 + 248. Calculate the highest common factor of 19 and t.
19
Let j be -11 + (6 - (-4180)/10). Calculate the highest common factor of j and 177.
59
Let w = -103 + 124. Let q(i) = -4*i + 94. Let n be q(w). Calculate the highest common divisor of n and 1.
1
Let i be 17/119 - 83/(-7). Suppose 65 = -7*w + i*w. Calculate the highest common factor of 52 and w.
13
Suppose 5*k - 4*p - 488 = -8*p, 5*p = 3*k - 315. Let q = -9 + 34. What is the highest common factor of q and k?
25
Let m(s) = s**3 + 6*s**2 + 6*s + 2. Let h be m(-5). Let b(l) = l**3 + 3*l**2 - 2*l - 3. Let j be b(h). What is the greatest common divisor of j and 12?
3
Let j be 4 + (-82)/(-2 + 12/8). What is the greatest common factor of 21 and j?
21
Let i be 3/(-12) - 142/8. Let m = -30 - -24. Let z = m - i. Calculate the highest common divisor of z and 4.
4
Suppose 5*p - 4*h = 250, 3*p - 44 = 2*p + 2*h. What is the highest common divisor of p and 270?
54
Suppose t + 12 = 56. Let f = t - 23. Let g = -134 - -281. Calculate the greatest common divisor of f and g.
21
Suppose 4 = 5*l - o, -2*o = 2 - 4. Suppose -y = -2*y + l. Suppose -y = f - 16. What is the highest common divisor of f and 75?
15
Let o be ((-22)/3*1)/(16/(-288)). Suppose 33 = 4*b - 5*n, -3*b + b = n - 27. What is the greatest common factor of b and o?
12
Let h be (-30)/75 + 112/5. Let v = h + -19. Calculate the greatest common factor of v and 30.
3
Let t = -2088 - -2936. What is the greatest common divisor of t and 53?
53
Suppose 0 = -t + 4 - 3, 2*t = -2*u + 130. Let g(r) = 9*r**2 + 37*r - 8. Let w be g(-5). Calculate the highest common factor of u and w.
32
Let p be 430/(-55) + 4/(-22). Let s be p/28 + (-30)/(-7). Suppose t - 2*t - s*l + 28 = 0, -3*l + 15 = 0. What is the highest common divisor of 2 and t?
2
Let f(s) = -3*s**2 - 9*s + 16. Let n(o) = -2*o**2 - 10*o + 15. Let r(i) = 3*f(i) - 4*n(i). Let m be r(9). Calculate the greatest common divisor of m and 12.
12
Let s(k) = k**3 + 6*k*